32421 prime?
False
Is 12441402203 a composite number?
False
Is 727070627 a prime number?
True
Is 15220604489 composite?
False
Is 92157036241 a composite number?
False
Is 15128358419 composite?
False
Is 1980258613 prime?
True
Is 89353609 a composite number?
False
Is 19461757309 a prime number?
True
Is 392598954743 a prime number?
True
Is 5733674047 prime?
False
Is 17402968103 composite?
False
Is 4218822533 prime?
True
Is 150633983257 prime?
False
Is 47071515847 a prime number?
False
Is 1783096949 a prime number?
True
Is 3584142817 a prime number?
False
Is 440684781 a prime number?
False
Is 323334969 a composite number?
True
Is 596212469 prime?
True
Is 785698861 prime?
False
Is 26079684623 prime?
True
Is 148555055279 a prime number?
False
Is 147515873 a composite number?
True
Is 4237197547 a prime number?
False
Is 64156968907 a prime number?
False
Is 52287682231 prime?
False
Is 28729897177 a composite number?
False
Is 1210793897 composite?
False
Is 3521767217 prime?
False
Is 82525858183 a prime number?
True
Is 29676001 prime?
True
Is 5209735187 prime?
False
Is 3635414353 a prime number?
False
Is 4121993041 composite?
True
Is 10474404587 composite?
False
Is 425732299 prime?
True
Is 500223799 a prime number?
False
Is 119282343965 a prime number?
False
Is 2564044201 composite?
False
Is 82251809 composite?
True
Is 150161038 composite?
True
Is 228760679 prime?
False
Is 2903949197 a composite number?
True
Is 47265300883 a composite number?
False
Is 7416658369 composite?
False
Is 1778329627 a composite number?
False
Is 9439598719 prime?
False
Is 9084475427 a composite number?
False
Is 4263847793 composite?
True
Is 1619743127 a prime number?
True
Is 1324931173 a composite number?
False
Is 299620901 a composite number?
True
Is 499002233 a prime number?
True
Is 40426326599 prime?
False
Is 34672916429 composite?
False
Is 5203064639 a prime number?
True
Is 45506635211 composite?
True
Is 6864730961 a prime number?
False
Is 32868895859 composite?
True
Is 389923433 prime?
True
Is 5102272997 composite?
True
Is 5194720451 a prime number?
True
Is 102076929289 a composite number?
False
Is 3785392483 a composite number?
False
Is 714787789 composite?
False
Is 35664617 prime?
True
Is 1133032513 a prime number?
False
Is 428614471 a prime number?
True
Is 460992767 prime?
True
Is 8627878307 a composite number?
False
Is 324959309 composite?
True
Is 787386199 a composite number?
True
Is 41694599 a composite number?
False
Is 88172853443 a composite number?
True
Is 5385687949 a composite number?
False
Is 49635346877 composite?
False
Is 427514515 a composite number?
True
Is 24395430277 composite?
False
Is 20453456821 a prime number?
False
Is 595248439 prime?
False
Is 210196479673 prime?
True
Is 2462102579 a prime number?
True
Is 5845276441 a composite number?
False
Is 20874828217 composite?
False
Is 2470106129 a composite number?
True
Is 504617857 prime?
False
Is 2324007269 prime?
True
Is 19094552801 composite?
False
Is 9617857499 a prime number?
True
Is 30346773113 prime?
True
Is 11170064083 prime?
True
Is 221598409 composite?
False
Is 3131645555 a composite number?
True
Is 657018893 a prime number?
False
Is 49553633 prime?
True
Is 1076304179 a prime number?
False
Is 642495647 prime?
False
Is 6580324843 a prime number?
True
Is 205207987 prime?
False
Is 8420955409 a composite number?
False
Is 40537180897 a composite number?
False
Is 754651991 composite?
False
Is 766456511 a composite number?
False
Is 272663091245 prime?
False
Is 9950633197 prime?
True
Is 2606565097 a composite number?
False
Is 8317664969 composite?
True
Is 52033927027 a composite number?
True
Is 89574829 prime?
False
Is 9032044949 composite?
True
Is 4489126423 composite?
False
Is 433603879 prime?
True
Is 8147530031 a composite number?
False
Is 2817349945 prime?
False
Is 128373258479 a composite number?
False
Is 43990448927 composite?
True
Is 2095399193 a composite number?
False
Is 102347295053 composite?
False
Is 33222800971 a prime number?
True
Is 185386013 prime?
False
Is 767594137 composite?
False
Is 8422035761 a composite number?
False
Is 111492114077 a composite number?
False
Is 1579177937 a prime number?
False
Is 759594617 composite?
False
Is 298672277 composite?
False
Is 1616650349 composite?
False
Is 260202029 prime?
True
Is 417482041237 a prime number?
True
Is 1039987281 prime?
False
Is 23237582507 a prime number?
True
Is 10537197277 prime?
False
Is 45964223 prime?
True
Is 198779857295 prime?
False
Is 42677753039 composite?
False
Is 5257349783 composite?
True
Is 170646787 a prime number?
False
Is 512023933 a composite number?
False
Is 28049190083 prime?
True
Is 75855876763 a prime number?
True
Is 3951456479 a prime number?
True
Is 2875054121 composite?
True
Is 21233785093 a prime number?
True
Is 64649891 composite?
False
Is 7716022213 a composite number?
True
Is 7767214309 composite?
True
Is 544518787 prime?
True
Is 5608470733 a prime number?
True
Is 211602953 composite?
True
Is 92404187419 composite?
False
Is 368732951 prime?
True
Is 382102481 prime?
False
Is 17384633213 a composite number?
False
Is 190521825343 a prime number?
True
Is 5157796757 a composite number?
True
Is 93387947711 a prime number?
False
Is 993794059 a composite number?
True
Is 99095661031 a prime number?
True
Is 5494079777 prime?
True
Is 20637023 composite?
True
Is 195722662087 a prime number?
True
Is 14025688163 prime?
True
Is 483607749 a composite number?
True
Is 25219076609 a composite number?
False
Is 11289515309 a prime number?
True
Is 14800052461 a prime number?
True
Is 24021026297 composite?
False
Is 8248041457 composite?
False
Is 1420777181 a composite number?
True
Is 3196745143 a prime number?
False
Is 29263277 a composite number?
False
Is 16849818569 a composite number?
True
Is 6999792787 prime?
False
Is 85236496091 a composite number?
True
Is 44072471 a prime number?
True
Is 2656125773 a composite number?
True
Is 1413553301 composite?
True
Is 20886525277 a prime number?
False
Is 1962245419 a composite number?
False
Is 32953868653 a prime number?
False
Is 81625391 prime?
True
Is 19326292351 prime?
True
Is 1802724919 a prime number?
False
Is 1512545413 prime?
True
Is 302033317 composite?
True
Is 1451167951 prime?
False
Is 572531897 a prime number?
False
Is 4505092411 prime?
True
Is 959038477 a prime number?
True
Is 4550828081 prime?
True
Is 38114759 composite?
True
Is 508601581 prime?
True
Is 436551307 a prime number?
True
Is 14528843063 a composite number?
True
Is 61060285333 a prime number?
False
Is 43455807149 composite?
False
Is 1045929037 prime?
False
Is 443430017 a prime number?
False
Is 65020476337 prime?
True
Is 11685515239 a composite number?
False
Is 24110805533 a prime number?
True
Is 9165320203 a composite number?
True
Is 20353083433 prime?
False
Is 18547012321 prime?
False
Is 2958298445 prime?
False
Is 76150913453 prime?
True
Is 12694542083 a composite number?
False
Is 1002617153 a prime number?
True
Is 187954373389 a composite number?
True
Is 6991222643 a composite number?
False
Is 15871371899 composite?
False
Is 556985819 a composite number?
True
Is 2493551383 prime?
True
Is 5991637231 a prime number?
False
Is 1560687593 a prime number?
False
Is 897946653 prime?
False
Is 807099661 composite?
False
Is 9803189831 a composite number?
True
Is 127599528377 prime?
False
Is 16264193977 a prime number?
True
Is 4013393353 prime?
False
Is 4987789207 composite?
True
Is 242700121 prime?
False
Is 13494075347 a prime number?
False
Is 522848323 composite?
True
Is 607112323 composite?
False
Is 19178789863 prime?
True
Is 2217169021 composite?
True
Is 993899029 a composite number?
True
Is 6617891251 prime?
False
Is 235394343283 a prime number?
False
Is 15272596591 composite?
True
Is 2814880459 a prime number?
False
Is 5953595953 a composite number?
False
Is 119524357 a composite number?
False
Is 17724533621 prime?
True
Is 331690195 a composite number?
True
Is 1705285 prime?
False
Is 3773411641 prime?
True
Is 4702094531 a composite number?
True
Is 147269222071 composite?
False
Is 27748850771 prime?
True
Is 46538411927 composite?
True
Is 975894461 composite?
True
Is 1245511849 a prime number?
True
Is 2279642371 a prime number?
False
Is 3712653079 composite?
True
Is 39847817 a composite number?
True
Is 9538579961 prime?